(b) = -15*b. Let h be n(-3). Calculate the greatest common factor of h and w.
5
Let t(o) = 16*o - 2. Let y be t(1). Calculate the greatest common divisor of 14 and y.
14
Suppose 51 - 11 = m. What is the highest common factor of m and 280?
40
Suppose t - 1 = -0. Let k(g) = g - 2 - 4 + 3. Let h be k(4). Calculate the greatest common factor of h and t.
1
Suppose 5*c - 5*k = 105, -5*c + 4*c - 3*k + 1 = 0. Calculate the greatest common factor of 40 and c.
8
Suppose d + 3*d - 28 = 0. Let n(l) = -l**2 - 5*l**2 + 1 - 4*l**3 + 3*l**2. Let m be n(-2). Calculate the greatest common divisor of m and d.
7
Let t(f) = -2*f - 2*f - 3*f**3 - 4 - 4*f**2 + f**2 + 2*f**3. Let b be t(-3). Calculate the greatest common divisor of b and 16.
8
Let n be -1*(4 + -3 + 34). Let f = -22 - n. What is the highest common factor of 65 and f?
13
Let b(z) = z**3 - 2*z**2 - 3*z + 2. Let u be b(3). Suppose 5*f - 4*m = 0, -u*m + 8 = -2. What is the greatest common divisor of f and 2?
2
Suppose 4*o + 2*r = -224, -3*r = o + 38 + 28. Let j be ((-156)/(-10))/(1/5). Let b = j + o. What is the greatest common factor of 12 and b?
12
Suppose 2*s - 16 = -2*s. Suppose 0 = -5*l - 25, s*l = 6*x - x - 620. Calculate the highest common divisor of 24 and x.
24
Let w be 1456/10 + (-9)/15. Calculate the greatest common factor of 58 and w.
29
Let t = -2 - -8. Suppose -3*s + 18 = t. What is the greatest common divisor of s and 32?
4
Let l(w) be the first derivative of w**4/4 - 5*w**3/3 - 2*w**2 + 2*w - 3. Let x be l(5). Let y = x - -27. Calculate the highest common factor of y and 9.
9
Suppose 4*b + 3*o = 5*b + 2, -22 = -4*b + 2*o. Calculate the highest common factor of 21 and b.
7
Let j = 10 + 1. Suppose -j = 5*i + 4, -d = 5*i - 6. Suppose 0 = -4*s + 12, -3*c - 3*s = -276 - 174. What is the highest common factor of d and c?
21
Suppose 2*j + 0 - 62 = 0. Suppose -5*m = j + 89. Let o = m + 48. What is the highest common factor of 36 and o?
12
Let n(u) = u - 9. Let c be n(7). Let s = c - -4. Suppose 0 = -5*b - s*y - 2*y - 6, 0 = -5*b + 4*y + 26. Calculate the highest common factor of 22 and b.
2
Suppose 0*g - g = 10. Let r(p) = p**3 + 11*p**2 + 9*p - 12. Let u be r(g). Let i be -4 + (-2)/u + 15. What is the greatest common factor of 84 and i?
12
Let t(h) = 5*h - 11. Let l be t(9). Suppose -a + 26 = -l. Calculate the highest common factor of 20 and a.
20
Suppose -n + 41 = 5. Calculate the greatest common factor of n and 9.
9
Let u = -74 - -104. Calculate the greatest common divisor of 6 and u.
6
Let k = 71 - 26. Calculate the highest common factor of k and 15.
15
Let h = 13 - 4. Let x = 4 + h. Suppose 0 = 8*u - 3*u - 65. What is the highest common divisor of x and u?
13
Suppose 0*b + 352 = 5*q + 2*b, b - 284 = -4*q. What is the highest common divisor of 18 and q?
18
Suppose -c + 40 = 4*m, -m - 46 - 25 = -2*c. Suppose 20*t = 23*t - c. Let a = -64 + 112. What is the greatest common divisor of a and t?
12
Let c(x) = 2*x**3 - x**2 + x + 14. Let a be c(0). Suppose -4*d = -8*d + 8. Calculate the greatest common factor of d and a.
2
Let z be ((-576)/(-15))/(1/10). Suppose 5*d - 2*d - z = 0. Calculate the highest common divisor of d and 16.
16
Suppose 4*t + 72 = 2*o, -2*o - t = t - 90. What is the highest common factor of 14 and o?
14
Suppose -3*p - 5*w = 5, -2*p - 4*w - 6 = -2. Suppose -442 = -5*m + 658. Suppose 0 = -4*d - p*d + m. What is the greatest common factor of 22 and d?
11
Let x(c) = 15*c**2 + 10*c. Let f be x(-4). What is the greatest common divisor of f and 25?
25
Let l be 145/2 - (-3)/(-6). What is the highest common divisor of l and 8?
8
Let q be 12*1*1 + 1 - -2. Calculate the greatest common divisor of q and 30.
15
Let d be (-1160)/(-24) + 1/(-3). Let h(s) = -2*s + 4. Let b be h(-4). Calculate the greatest common factor of d and b.
12
Let u = -2 - 10. Let y be 210/2 + (u - -15). What is the greatest common factor of y and 12?
12
Suppose j + 9 + 0 = 4*b, -j + 15 = 4*b. Let s = b + 6. Calculate the greatest common divisor of 1 and s.
1
Let q = -92 - -172. Suppose -2*w = 2*f - 324, f + w - 4*w = 142. Suppose 5*l - a = f, -6 + 29 = l - 3*a. Calculate the highest common factor of l and q.
16
Let r = -40 - -46. What is the greatest common factor of 48 and r?
6
Suppose b - 37 = n, 5*n + 0 + 5 = 0. Let v = 22 - 18. Suppose 2*j = v*j - b. What is the greatest common divisor of 144 and j?
18
Suppose 4*q + 6 = 2. Let d be q/(8/(-6) + 1). Let k = 8 + -6. What is the greatest common factor of d and k?
1
Suppose -5*c + 212 = -c. Let k = c - 31. Calculate the greatest common divisor of 2 and k.
2
Let z(i) = -2*i + 2. Let h be z(7). Let f = h - -24. What is the highest common divisor of 12 and f?
12
Let b(l) = l**3 - 7*l**2 + 6. Let q be b(8). Calculate the highest common divisor of q and 10.
10
Suppose 4*n - 8*n = -44. What is the highest common divisor of n and 33?
11
Let a be 8/12 + (-19)/(-3). Suppose -u = -3 - a. Let m be 636/10 - (-4)/u. Calculate the highest common divisor of m and 8.
8
Let a = 24 + -12. Let s be a/(-8)*(-10)/3. Suppose 2*t + 3*t - d = 94, -2*t = s*d - 16. Calculate the greatest common factor of 27 and t.
9
Let y = 67 + 95. Calculate the greatest common factor of y and 18.
18
Suppose -4*r - 585 = -5*u, 3*u - 234 = u - 2*r. Let c be 1/((-2 + 1)/(-13)). What is the greatest common factor of u and c?
13
Let h(c) = -c + 6. Let v be h(-8). Let s be (-8 - 4)*(-6)/4. Let a = -4 + s. Calculate the highest common divisor of v and a.
14
Suppose 2 = 5*b - 3. Let r be ((-3 - 53)/(-2))/b. What is the greatest common divisor of 7 and r?
7
Suppose u = 4*c + 20, -2*c + 4 = -c. Let d be u/8 + (-1)/2. Let b(h) = -15*h + 6. Let y be b(-2). What is the greatest common factor of d and y?
4
Let l be 1 + (2 - (1 + -25)). Let k be 218/9 + (-6)/l. Let h be 1/(-2) - (-866)/4. What is the highest common divisor of h and k?
24
Let v(x) = 23*x**2 + 5*x - 4. Let j be v(1). Calculate the highest common divisor of j and 72.
24
Let c be (-5)/2*(-24)/15. Suppose 0 = -c*b + 448 - 172. Calculate the highest common divisor of 23 and b.
23
Let n = 29 - 20. Let j(l) = l**3 + 2*l**2 - 7*l + 4. Let a be j(4). Calculate the highest common factor of n and a.
9
Let c(y) = -y**2 - 9*y + 1. Let g be c(-8). Suppose 0 = 4*i + 69 - 213. What is the greatest common divisor of i and g?
9
Suppose 5*c - 102 = -o, -2*c + o = -27 - 18. Suppose -18 = 4*v + 4*p - 74, 4*v - 3*p - c = 0. Calculate the highest common factor of v and 1.
1
Suppose -2*b + k = 5, 0 = -5*b + 3*b - k - 11. Let y = 1 - b. Let s(d) = -d**2 - 8*d + 10. Let c be s(-8). Calculate the greatest common factor of c and y.
5
Let y be (-4)/(-6) - 97/(-3). Suppose -24 = -7*l + 4*l. Let b be (l/6)/((-4)/(-66)). What is the highest common divisor of b and y?
11
Suppose r - 3*b + 2*b - 11 = 0, -4*r = -5*b - 46. Let l be (60/(-100))/(2/(-10)). What is the highest common divisor of l and r?
3
Let l(m) = -m - 6. Suppose 17 = -3*p - 10. Let k be l(p). Suppose -64 = -z - k*z. What is the highest common divisor of 128 and z?
16
Let z be 2 - -2 - (0 + 3). What is the highest common factor of 3 and z?
1
Let r(l) be the third derivative of 0 + 0*l + 1/6*l**3 - 2*l**2 - 9/8*l**4. Let y be r(-1). What is the highest common divisor of 7 and y?
7
Let y be (4/5)/(2/15). Let s = 3 - 0. Calculate the highest common divisor of y and s.
3
Suppose 5*h + 335 = 5*z, -4*h = 6*z - z - 362. What is the greatest common divisor of z and 10?
10
Suppose 4*a = 7*a - 144. Calculate the greatest common divisor of a and 72.
24
Let j(p) = p**2 - 14. Let w be j(-5). Calculate the greatest common factor of 22 and w.
11
Suppose 5*h = 52 + 83. What is the highest common factor of h and 18?
9
Let r(i) = -i - 4*i + 11 - 3. Let o be r(-4). Calculate the greatest common factor of 7 and o.
7
Let n be 174/15 + (-12)/(-30). Let m(b) = 7 + 48*b**2 - 11*b**2 - 8. Let o be m(-1). Calculate the greatest common divisor of n and o.
12
Suppose -22 = -r + 2. What is the greatest common factor of r and 18?
6
Let j(f) be the second derivative of f**4/12 - f**3/2 + 2*f**2 + 3*f. Let a be j(-3). Calculate the greatest common divisor of 11 and a.
11
Let a = -26 + 30. Let j be 290/9 - 4/18. Calculate the highest common factor of a and j.
4
Let u = 7 + -10. Let k(j) = 4*j**2 + 5*j + 5. Let g be k(u). What is the highest common divisor of